)/(-27) - (145/45 + h). Let l(a) = -a**3 - 6*a**2 + 3. Give l(c).
3
Let c(j) = -396*j - 3180. Let s be c(-8). Let f(x) = x**2 + 12*x - 15. Determine f(s).
-15
Let t(h) be the third derivative of h**6/120 - 4*h**5/15 + 5*h**4/8 - 5*h**3/6 + 46*h**2. Let b be -1*(-7 + 12)*(3 + -6). Give t(b).
-5
Let u(q) = q**2 + 14*q - 14. Let j be u(-16). Let r(n) = j - 4*n - 27 + 14. Determine r(-4).
21
Let d(h) = -h**2 + 5*h - 7. Suppose z - 22 = -4*m, -3*z + 5 + 25 = 3*m. Let b be z + (-6 - 2) - -6. Calculate d(b).
-3
Let y be (213/(-108) - (-4)/18)*-48. Suppose 0 = -75*z + y*z + 63. Let h(c) = -c**2 - 8*c. Determine h(z).
7
Let a = 141 + -138. Let k(j) = 158*j**a + 7 - 157*j**3 - 4 + 2*j + 4*j**2. Let t = 3 - 6. What is k(t)?
6
Let m(k) = -k**3 + 6*k**2 + 9*k - 6. Let q(g) be the first derivative of -g**4/4 - 3*g**3 + 23*g**2/2 + 18*g - 133. Let y be q(-11). Determine m(y).
8
Let m(z) = 6*z + 65. Suppose 0 = -71*l - 37*l - 45*l - 1836. Give m(l).
-7
Let r(y) = 1 + 2*y**2 + 0 - 133*y + 122*y + 8 - y**2. Suppose -3*k = -4*k + 3*w + 23, 4*w + 28 = k. Calculate r(k).
-15
Let g(r) = -r - 5. Let v be g(-17). Let l(k) be the first derivative of -k**3/3 + 7*k**2 - 17*k + 352. Calculate l(v).
7
Let j(z) = -z**2 - 2*z + 16. Let t be j(-7). Let q(c) = c + 23. Let n be q(t). Let l(r) = -4 - r**3 - r + 4*r**2 + 0*r**3 + 2*r. Give l(n).
0
Let y(j) = 2*j**3 + 3*j**2 - 10*j + 5. Let z(u) = -u**3 - u**2 + 5*u - 3. Let i(f) = -2*y(f) - 5*z(f). Let a be 1 - 34/(-14) - (-9)/(-21). Determine i(a).
8
Let a(m) = -m**2 - 7*m + 1. Let n(s) = -s**2 - 8*s - 1. Let f(c) = -4*a(c) + 3*n(c). Suppose h - 42 = -48. What is f(h)?
5
Let q(v) = 127*v + 43. Let w be q(11). Suppose w*g - 1441*g = 10. Let r(h) = 2*h + 14. Calculate r(g).
-6
Let c(i) = 2*i - 27. Let k be c(15). Let y be ((-1)/k)/(-10 - (-1897)/189). Let o(a) = a + 13. Calculate o(y).
4
Let m be (1/(-3))/(3/9). Let t be (2/(-2))/(0 + m). Let c(q) = q**3 - 15*q + 7*q - 36 + 36 + 7*q. What is c(t)?
0
Let y(a) be the first derivative of 2 - 1/2*a**2 - 4*a. Give y(-4).
0
Let y(o) = -o**2 + 4*o - 6. Let r = 355 - 352. Suppose 0 = 3*k, -2 + 2 = 5*f - r*k. Determine y(f).
-6
Let a(g) be the first derivative of g**4/4 + 2*g**3/3 - g**2 + 2*g + 648. Calculate a(3).
41
Let i be (308/(-198))/((-2)/18). Let o(p) = -19*p**2 - 1 + i*p + 0 + 14*p - 27*p. Give o(1).
-19
Let x(s) = -s**2 - 4*s - 2. Let r be 198/(4/16*6). Suppose -f - r = 43*f. Give x(f).
1
Let w(u) = 7*u - 38. Let t be w(9). Let j(r) = 23*r + 2 - 5 - t*r + 2. Let m(s) = -2*s**2 + 1. Let v be m(-2). What is j(v)?
13
Let b be 0/2 - -14 - -3. Let j = b + -14. Let n(d) = 2*d - d**2 - 5 - d - d**j + 2 - 3*d**2. What is n(-4)?
-7
Let a be (-1)/2*(-5 + 5 + -2). Let h(r) = -12*r**2 + 6*r**2 - a + 9*r**2 + 5*r**2. Suppose 0 = -0*f - 2*f + 2. Calculate h(f).
7
Let j = -7006 + 7004. Let l(a) = -5*a - 39. Give l(j).
-29
Let z(i) be the third derivative of -i**5/60 + i**4/8 - i**3/6 + 13*i**2. Let l = 37 - 21. Suppose 0 = -4*g + l, 2*c - g = -c + 8. What is z(c)?
-5
Let x(a) = -a**3 + a + 20. Let y be x(0). Let r be y/15 + (-5)/(-3). Let s(k) = -3 - 4*k + 6*k**3 + k**3 - 2*k**r + 3*k**2 - 4*k**3. Calculate s(-3).
9
Suppose -2*r + 2 = -2*q + 4, 5*q = -2*r - 2. Let w(p) = 0 - 3 - p + 0*p + q + 12*p**2 + 2. Determine w(-1).
12
Let q(j) = -2*j**3 + j**2 + 75*j - 152. Let v be q(2). Let s(r) = -11*r - 163. Determine s(v).
-9
Let y = 928 + -943. Let m(v) = v**3 + 14*v**2 - 16*v + 11. Determine m(y).
26
Let q(r) = -2*r**3 + r**3 - 7 + 5. Let l(h) = -2*h**3 - 4*h**2 + 2*h + 2. Let w(i) = l(i) - q(i). Calculate w(-4).
-4
Let w(a) = -97195 - 97188 - 48*a + 194371. What is w(-1)?
36
Suppose 1644 - 2194 = 22*c. Let a(p) = p**3 + 26*p**2 + 22*p - 19. Determine a(c).
56
Let o = 133 - 133. Let s be 2/(o + 1) - 5. Let w(c) = c**3 + 3*c**2 + 4*c + 4. Determine w(s).
-8
Let m(g) = 15*g - 8*g + 20*g + 18*g - 43*g + 4. Let x(i) = -3*i + 3 + 1 - 7. Let o(z) = -4*m(z) - 3*x(z). Calculate o(8).
1
Let z(g) be the third derivative of g**5/30 - g**4/3 + 2*g**3/3 + 112*g**2 + 14. Give z(9).
94
Let l(c) = 2*c**2 - c - 23. Let n(h) = -h**2 - 2*h - 3. Let g be n(-3). Let v be l(g). Let q(r) = -15*r - v + r + 56. Determine q(1).
-13
Let g(j) = 4531 - j - 9049 + 3*j**2 + 4512. Calculate g(5).
64
Let o(u) = 115*u**3 + 13*u**2 - 13*u + 1. Let j(p) = 8*p**3 + p**2 - p. Let d(c) = 13*j(c) - o(c). Suppose b - 2 = 2*k, 3*k + 0*k + b - 7 = 0. What is d(k)?
-12
Let m(l) be the second derivative of -3*l**5/20 + l**4/12 - 11*l**2 - 325*l + 2. What is m(0)?
-22
Suppose -5*x - 2*v = 30, -6 = 15*x - 2*v + 84. Let g(j) be the first derivative of 1 + 3/2*j**2 - 5/3*j**3 - 4*j - 1/4*j**4. What is g(x)?
14
Let p(i) = 3*i**3 - 11*i**2 - 9*i - 38. Let c be p(5). Let l(k) = -7*k + 126. What is l(c)?
7
Let r = -3678 + 3680. Let j(c) = -4*c + 7. Calculate j(r).
-1
Let v = 0 - 4. Let d(g) be the first derivative of -g**3 - 5*g**2/2 - g + 275411. Give d(v).
-29
Let p(u) be the third derivative of u**6/120 - u**5/20 + u**4/6 + u**3/3 + 2279*u**2. Determine p(4).
34
Let w(c) = -25*c**3 + 51*c**2 - 28*c + 115. Let k(g) = 18*g**3 - 37*g**2 + 18*g - 77. Let r(i) = 7*k(i) + 5*w(i). What is r(6)?
24
Let r(g) = -409 + 2*g - g**2 - 5*g + g - 4*g + 422. Determine r(-8).
-3
Let c(i) = -i**3 - 15*i**2 + 13*i - 25. Suppose r + 24*k = 8, -2*r + 3*k = 55 - 20. Give c(r).
23
Let q(i) = i + 2. Suppose 12 = 3*b, -20 = 3*x - b + 2*b. Let u(r) = -6*r - 57. Let o be u(x). Let n(d) = 4*d + 38. Let c be n(o). Determine q(c).
4
Let a be 1*101 - 0/14. Let y(j) = -199 - 5*j + 104 + a + 2*j**2. Calculate y(3).
9
Let f(z) = 4*z**3 + 4*z**2 + 5*z + 8. Let m(b) = 2*b**2 + 0*b**2 + 7 + 3*b**3 + 2*b**2 + 0*b**2 + b + 2*b. Let r(n) = 2*f(n) - 3*m(n). Give r(-4).
-9
Let f be (2 - (-110)/(-15))/(14/(-63)). Suppose -f = -11*k - 35. Let m(o) = 8*o - 2. Give m(k).
-10
Let g(l) = -687*l + 9. Let f(r) = -293*r + 4. Let v(a) = 7*f(a) - 3*g(a). Determine v(0).
1
Let u(q) be the second derivative of -2*q**2 + 17*q + 0 + 0*q**3 - 5/24*q**4. Let w(y) be the first derivative of u(y). Give w(-1).
5
Suppose -31*d - 594 = -53*d. Let g be -4 + ((-18)/d)/(3/(-9)). Let r(k) = k**3 - k**2 - 4*k - 3. Determine r(g).
-7
Let u = 3634 - 3635. Let q(x) = 3 - 4 + 2 + 4*x**2. Determine q(u).
5
Let y be (-5)/(15/(-4))*6/(-4). Let z(l) = l**3 + 10*l**2 + 10*l + 11. Let k be z(-9). Let w(x) = -2*x**k + 0 + 2*x**2 + 1 - x**3 - 2*x**2. What is w(y)?
1
Suppose 5 = -3*r - 2*r. Let i be -7 - ((-4)/(-2))/r. Let g(p) = 1 + 4*p**2 + 63*p**3 - 3 - 62*p**3 - 7*p. Calculate g(i).
8
Suppose -3*p = -5*z + 17 - 70, 2*p - 40 = 4*z. Let b(u) = -2*u**3 - 11*u**2 + 15*u - 15. Determine b(z).
27
Let t(s) = -s + 19. Let r be -3*(31/(-3))/(-1) + 96/(-24). Suppose -26 - 103 = 3*q. Let k = r - q. Determine t(k).
11
Let l(i) be the third derivative of -i**6/120 + i**5/15 - 5*i**3/6 + 143*i**2. Let z(v) = 3*v**2 + 2*v + 3. Let n be z(-1). What is l(n)?
-5
Let o(a) = 5*a - 72. Let n be o(16). Let m(b) = -b**3 + 10*b**2 - 14*b - 12. Let u be m(n). Let p(d) = d**3 - 5*d**2 + 3. Give p(u).
-13
Suppose 69 = 8*g + 21. Suppose 24*f + g = 27*f. Let o(p) = -p**3 + 0*p + p**f + 2*p + p - p. What is o(3)?
-12
Let j(a) = -8*a + 104. Let t(c) = -13*c + 162. Let m(l) = -8*j(l) + 5*t(l). Give m(-25).
3
Suppose -12 + 2 = -2*i. Suppose 4*q - 15 - i = 0. Let h(u) be the second derivative of -u**4/12 + 3*u**3/2 - 7*u**2/2 - 10*u. What is h(q)?
13
Let q(k) = -k**3 + 5*k**2 + 17*k - 26. Let w be 1/(-1 + 33/30 + (-22)/(-220)). What is q(w)?
59
Suppose 3*l + 14 = h + 4*h, 3*h = -5*l - 12. Let b(f) = f**3 + 2*f**2 + 2*f. Give b(l).
-15
Let f(b) = 2125 + b**2 + 2130 + 2128 + 4*b - 6380. Determine f(-4).
3
Let h(m) = -2*m + 4*m + 7*m. Let d = -200 - -205. Suppose 3*a + 5*v + 29 = 1, -a - 26 = d*v. Calculate h(a).
-9
Let l(u) = -13*u**2 + u**3 + 7502*u - 20 - 3735*u - 3755*u. What is l(12)?
-20
Let d be 2/(-1)*(-114)/(-12). Let i = 20 + d. Let z(a) be the third derivative of a**6/120 + a**5/60 - a**3/6 - 64*a**2. Determine z(i).
1
Let g = -4 - 60. Let z = 72 + g. Suppose -z*o + 6*o = 0. Let y(v) = -v + 3. Give y(o).
3
Let t(k) = -16*k**2 - 2*k - 2. Suppose 2*h + i = 3, 4*h + 9 = -i + 10. Give t(h).
-16
Let z(c) be the first derivative of c**7/840 + c**6/72 - c**5/30 - 5*c**4/8 - 74*c**3 + 69. Let l(o) be the third derivative of z(o). Give l(-5).
5
Suppos